r?
False
Is 2481735545 prime?
False
Is 1867186137 a prime number?
False
Is 7755883969 a prime number?
False
Is 318843813737 a composite number?
False
Is 1608877793 prime?
False
Is 72117765247 a composite number?
True
Is 278195377 composite?
False
Is 9984885439 composite?
False
Is 3694575853 composite?
False
Is 17773916473 a composite number?
False
Is 499230089 a composite number?
False
Is 27172782103 prime?
False
Is 35323184851 a prime number?
False
Is 77893799 prime?
False
Is 6480055139 a composite number?
False
Is 513661879 prime?
True
Is 934596917 a prime number?
False
Is 8156444077 composite?
True
Is 2067618821 prime?
True
Is 8661252473 a composite number?
False
Is 625321817 composite?
False
Is 389848873 prime?
False
Is 6262628237 a prime number?
False
Is 7197707581 a prime number?
True
Is 910151083 a composite number?
True
Is 21586117313 prime?
False
Is 4118393 prime?
False
Is 481913863 composite?
True
Is 12553242707 prime?
False
Is 571128253 prime?
False
Is 269740129 composite?
False
Is 33047295703 a composite number?
False
Is 51277957 composite?
False
Is 3382350919 prime?
True
Is 803188381 a composite number?
True
Is 17657914403 prime?
False
Is 10627379603 a prime number?
True
Is 27490800373 composite?
False
Is 127245960337 composite?
True
Is 283187963 a prime number?
True
Is 9506629829 prime?
False
Is 1551737807 composite?
True
Is 27262002217 a prime number?
True
Is 4074945467 a prime number?
True
Is 161910403 composite?
True
Is 639513013 a prime number?
True
Is 426148771 a composite number?
True
Is 1043699017 prime?
False
Is 39218860009 a composite number?
True
Is 16460994779 composite?
True
Is 1101121361 a prime number?
False
Is 2975854711 a composite number?
False
Is 1952360671 a prime number?
False
Is 4053610117 a prime number?
True
Is 742649503 composite?
True
Is 10890344963 a prime number?
True
Is 331359491 a prime number?
False
Is 182012011 a composite number?
True
Is 7681233239 a prime number?
False
Is 77353094206 prime?
False
Is 17821675951 prime?
True
Is 101677727 a prime number?
True
Is 26240635 a prime number?
False
Is 1891679051 composite?
False
Is 1158686881 prime?
False
Is 28382571281 composite?
False
Is 2080085471 composite?
False
Is 1843398937 prime?
False
Is 1756266331 prime?
True
Is 19406810051 a prime number?
False
Is 78712546967 a composite number?
False
Is 529748587 prime?
True
Is 242165467 a composite number?
False
Is 200434948431 prime?
False
Is 52940490121 a prime number?
False
Is 1277740567 prime?
True
Is 79216201 prime?
True
Is 61626107 prime?
True
Is 2790510901 a composite number?
True
Is 1247496127 a prime number?
True
Is 11952344333 prime?
False
Is 308239331 prime?
True
Is 258204063769 a composite number?
False
Is 2893710647 prime?
False
Is 2668024943 a prime number?
False
Is 1492702637 a prime number?
True
Is 4164530387 a composite number?
False
Is 3213283439 prime?
False
Is 1390401131 a prime number?
False
Is 1702606267 a composite number?
False
Is 81391052971 composite?
False
Is 102396878147 a prime number?
True
Is 8177947447 a composite number?
False
Is 1309125901 prime?
True
Is 597234679 composite?
False
Is 163994177 prime?
False
Is 388865107 a prime number?
True
Is 16505405717 prime?
True
Is 69817591 prime?
False
Is 32587005049 a composite number?
False
Is 3962552879 composite?
False
Is 8410810697 a composite number?
False
Is 10881478121 a composite number?
False
Is 4705773511 a prime number?
True
Is 38833601897 composite?
False
Is 28627561121 a prime number?
False
Is 9154512347 prime?
False
Is 365911409 a composite number?
False
Is 245834579 prime?
False
Is 32391707389 a prime number?
True
Is 38773151 a composite number?
True
Is 1483702774 composite?
True
Is 112777692733 composite?
False
Is 78955622023 a prime number?
True
Is 3118619431 prime?
False
Is 172369019591 prime?
True
Is 174009463027 a composite number?
False
Is 15759273818 a composite number?
True
Is 4771733347 a prime number?
False
Is 1071344447 a prime number?
True
Is 5764537501 composite?
False
Is 1398709019 a prime number?
False
Is 3493721467 prime?
True
Is 271881479 a composite number?
False
Is 7079730215 a composite number?
True
Is 19257924757 composite?
False
Is 96285973423 a composite number?
True
Is 2031640133 a composite number?
False
Is 281616253 a prime number?
True
Is 161882645 a composite number?
True
Is 158681603 prime?
False
Is 4498109063 a composite number?
True
Is 4206867089 a composite number?
False
Is 960551026 prime?
False
Is 1337753891 composite?
False
Is 14015499241 composite?
False
Is 577784427445 composite?
True
Is 14978669939 a composite number?
False
Is 5875362769 composite?
False
Is 83773 composite?
False
Is 8589735137 composite?
True
Is 2228657591 prime?
False
Is 442125253 prime?
True
Is 22360784837 a prime number?
True
Is 95803375387 a composite number?
False
Is 14223105551 a prime number?
True
Is 6964811887 composite?
True
Is 442955753 prime?
True
Is 3124304917 a composite number?
False
Is 270173924441 prime?
False
Is 17252248531 prime?
False
Is 10337774191 composite?
True
Is 20573464462 prime?
False
Is 27191483411 prime?
False
Is 5709900929 a composite number?
False
Is 4722131527 prime?
True
Is 22678591591 composite?
False
Is 26122278751 prime?
True
Is 8868493 composite?
True
Is 101336722013 a prime number?
True
Is 4910622863 prime?
False
Is 1448024863 a composite number?
False
Is 38239327427 composite?
True
Is 2482297491 prime?
False
Is 126482171177 a composite number?
False
Is 1223047481 a prime number?
False
Is 26028439 composite?
False
Is 949365193 prime?
False
Is 2297238733 a composite number?
True
Is 5100851373 a prime number?
False
Is 9402831923 a prime number?
False
Is 3988357619 composite?
True
Is 18361408673 a composite number?
False
Is 1150938793 a composite number?
False
Is 288684622805 a composite number?
True
Is 41229516527 prime?
False
Is 371225203 a composite number?
False
Is 66712897 a composite number?
True
Is 28390878977 a prime number?
False
Is 2634361953 a composite number?
True
Is 24491321857 a composite number?
True
Is 4817216687 a prime number?
True
Is 4107545993 a prime number?
False
Is 46036149061 a composite number?
True
Is 195894401629 a composite number?
True
Is 592421057 prime?
True
Is 31044661 prime?
True
Is 15180766417 prime?
False
Is 76998256099 composite?
True
Is 4443799027 prime?
True
Is 17568528083 a composite number?
True
Is 2181914183 prime?
True
Is 198595009 a composite number?
False
Is 10458661411 a composite number?
True
Is 19322416999 prime?
False
Is 26460431 a composite number?
False
Is 3232113527 prime?
True
Is 98536409821 a composite number?
False
Is 73887262837 a composite number?
False
Is 76665695441 a prime number?
False
Is 15353268179 a composite number?
False
Is 33865597 composite?
False
Is 2361662521 a prime number?
True
Is 15889201699 prime?
False
Is 2007461273 a composite number?
False
Is 12876426998 a prime number?
False
Is 3217010701 prime?
True
Is 12022333639 a prime number?
False
Is 288097769 prime?
True
Is 2919056719 a prime number?
True
Is 2253865821 a prime number?
False
Is 712658731 a composite number?
True
Is 443771773 prime?
True
Is 646813591 prime?
True
Is 33910766987 prime?
True
Is 191483983 composite?
True
Is 43759292779 a prime number?
True
Is 32860078799 prime?
True
Is 234630989 a prime number?
False
Is 3166351 a composite number?
False
Is 25404352143 composite?
True
Is 19448789 prime?
True
Is 97586808895 prime?
False
Is 192276563 prime?
True
Is 24350693327 prime?
True
Is 262839205 composite?
True
Is 825815695 a composite number?
True
Is 53886687962 composite?
True
Is 889299917 a composite number?
True
Is 3336659461 composite?
False
Is 58352549 prime?
True
Is 5546132507 a composite number?
False
Is 1782183721 a composite number?
True
Is 4522874831 composite?
True
Is 112243333001 a composite number?
True
Is 228472474 a composite number?
True
Is 304086989 composite?
False
Is 227281037 prime?
True
Is 2123780627 a prime number?
False
Is 6422631311 composite?
False
Is 42636336221 a composite number?
True
Is 564288635 prime?
False
Is 1823232857 a composite number?
False
Is 334389833 a composite number?
True
Is 655973251 composite?
False
Is 529637249 composite?
False
Is 27276324385 a prime number?
False
Is 2461297939 composite?
True
Is 2070317